101?
-11101001000010
In base 15, what is 386b - 10?
385b
In base 2, what is 10 - -101111001011001?
101111001011011
In base 16, what is -9f + 44e?
3af
In base 14, what is 116816 - -1?
116817
In base 11, what is 1408a9 - -6?
140904
In base 13, what is -64 - 299b?
-2a32
In base 8, what is 3254 + 13?
3267
In base 3, what is 1021 + -1210020?
-1201222
In base 6, what is 1214 + -44312?
-43054
In base 6, what is -50 - 31420?
-31510
In base 15, what is 1e86 + b?
1e92
In base 8, what is 6 + 60326?
60334
In base 6, what is -10323020 - 3?
-10323023
In base 7, what is 13214 + -346?
12535
In base 5, what is 301 - -4122042?
4122343
In base 6, what is 2 + -15114?
-15112
In base 3, what is 111110211 - 12?
111110122
In base 10, what is 951 - -54?
1005
In base 9, what is 12 - -3316?
3328
In base 9, what is 6 + -422576?
-422570
In base 14, what is 3 + 72dc?
7301
In base 8, what is -10 + 6717?
6707
In base 5, what is -4 - 3344402?
-3344411
In base 16, what is 59 + -645?
-5ec
In base 14, what is 3 - -373da?
373dd
In base 14, what is 6 + -3573?
-356b
In base 10, what is -68 + 810?
742
In base 10, what is -1 + 25998?
25997
In base 10, what is 140 + -55?
85
In base 7, what is 3 - 16356?
-16353
In base 13, what is 4996c - 5?
49967
In base 4, what is 110112 - 10300?
33212
In base 7, what is -1031 + 110?
-621
In base 15, what is e4 - 178?
-84
In base 16, what is 3 + -3bb?
-3b8
In base 13, what is 688 - -9?
694
In base 11, what is -1 - -3455a0?
34559a
In base 8, what is -1 - 2572052?
-2572053
In base 6, what is 0 - -121310?
121310
In base 10, what is -104 - -477?
373
In base 16, what is 1f7c + 4?
1f80
In base 3, what is -12021220020 + -2?
-12021220022
In base 11, what is -1093 - -359?
-835
In base 12, what is 11332a1 + -1?
11332a0
In base 4, what is -110200 + 22102?
-22032
In base 16, what is 13 + 30e?
321
In base 2, what is -1111 + -1001100000001010?
-1001100000011001
In base 13, what is 375 - 3bb?
-46
In base 7, what is -2 + -1400366?
-1400401
In base 4, what is 11010 - -13?
11023
In base 6, what is -243024 - -13?
-243011
In base 5, what is 144011134 + -10?
144011124
In base 16, what is 2 + 864ba?
864bc
In base 12, what is 2a55 + -83?
2992
In base 9, what is 6 - -10886?
11003
In base 11, what is -5 + -7928?
-7932
In base 5, what is -10 - 114210?
-114220
In base 9, what is -1662 + -545?
-2317
In base 14, what is -1 - -1a7b?
1a7a
In base 4, what is 10123110120 + -11?
10123110103
In base 16, what is 4 - 4e71b?
-4e717
In base 4, what is -130032 - -303?
-123123
In base 9, what is -8326 - 2?
-8328
In base 2, what is 0 + -100111011100011011010?
-100111011100011011010
In base 2, what is 10000010101110 + -10011011?
10000000010011
In base 12, what is 1 - 680a?
-6809
In base 4, what is -2330301 - 2?
-2330303
In base 7, what is -1 + -164256?
-164260
In base 7, what is 2 - -12264240?
12264242
In base 5, what is -1 + -34313014?
-34313020
In base 9, what is -36 - -36240?
36203
In base 4, what is -22010323 + -1?
-22010330
In base 12, what is 373 + a?
381
In base 10, what is -2411340 + -5?
-2411345
In base 14, what is -46156c + 4?
-461568
In base 8, what is 2 + 446474?
446476
In base 14, what is 0 + a547?
a547
In base 8, what is 3413155 - 3?
3413152
In base 14, what is -5 + 208c24?
208c1d
In base 3, what is -10220011001 - 21?
-10220011022
In base 5, what is 112 - 1012221?
-1012104
In base 3, what is 212111200200 + -1?
212111200122
In base 13, what is -284 + -41b?
-6a2
In base 3, what is -10 + -110102220?
-110110000
In base 8, what is 1234 + 14321?
15555
In base 12, what is -1a13a5 - 5?
-1a13aa
In base 4, what is 32002302 - 3?
32002233
In base 5, what is 3 + 14220424?
14220432
In base 7, what is -5166333 + 4?
-5166326
In base 2, what is -1010110 + 10110011000?
10101000010
In base 4, what is 202 - -31100?
31302
In base 5, what is -2402134030 + 1?
-2402134024
In base 5, what is -2414034 - -4?
-2414030
In base 14, what is 41 - -24a?
28b
In base 11, what is 97 + -2319a?
-23103
In base 16, what is -fb3 + 35?
-f7e
In base 14, what is 29658 + -1?
29657
In base 8, what is 630143 + 4?
630147
In base 16, what is -e + -1a30f?
-1a31d
In base 7, what is -24643 + 13?
-24630
In base 16, what is 2 - 1189?
-1187
In base 9, what is -1087 + 532?
-455
In base 10, what is 34 + 10767?
10801
In base 7, what is 2 - 145060?
-145055
In base 15, what is 29e0a + 0?
29e0a
In base 7, what is -46366 + -13?
-46412
In base 10, what is -124 - -27889?
27765
In base 2, what is -10 + -110000110010010?
-110000110010100
In base 9, what is 1160 + -460?
600
In base 14, what is 13590 + 9?
13599
In base 6, what is -1301434 - 2?
-1301440
In base 12, what is 381 + 39a?
75b
In base 11, what is -4 + 3160?
3157
In base 2, what is 101 + -100010000001111?
-100010000001010
In base 15, what is -11 - -1e028?
1e017
In base 4, what is 30122222 + -10?
30122212
In base 12, what is -1161 + -1b4?
-1355
In base 15, what is 0 + 22008?
22008
In base 9, what is -41 + -10066?
-10117
In base 12, what is -6a55 + -3?
-6a58
In base 8, what is -7162 - -14?
-7146
In base 2, what is -101 + -1101110100101000010?
-1101110100101000111
In base 13, what is -26834 - 1?
-26835
In base 12, what is -6577 + -2?
-6579
In base 6, what is -141 + -4154?
-4335
In base 16, what is 24 - 42a?
-406
In base 4, what is 100203 - -102300?
203103
In base 10, what is 41 + 2059?
2100
In base 6, what is 5311 + -532?
4335
In base 13, what is 79b03 + -2?
79b01
In base 16, what is -48 + -759?
-7a1
In base 2, what is -1100101010111111 - 0?
-1100101010111111
In base 14, what is -1097d + -25?
-109a4
In base 6, what is 102 - 1243?
-1141
In base 7, what is 26 - 1532?
-1503
In base 13, what is -2 - -3c2067?
3c2065
In base 9, what is 646331 + 0?
646331
In base 2, what is -1001011 - 1011001011010?
-1011010100101
In base 8, what is -1 + -53137?
-53140
In base 3, what is -101211112 + 11?
-101211101
In base 2, what is 1 - 100110000011000110?
-100110000011000101
In base 14, what is 15936 - -4?
1593a
In base 10, what is -399 - -16?
-383
In base 3, what is 12010 + -111120000?
-111100220
In base 2, what is 10100110111101 - -11?
10100111000000
In base 9, what is 5 + 13758?
13764
In base 16, what is 5854a + 1?
5854b
In base 12, what is -53 + -752?
-7a5
In base 9, what is -1366 + -33?
-1410
In base 16, what is 1ef49 - -3?
1ef4c
In base 14, what is c3bd + 0?
c3bd
In base 12, what is 141 - 3518?
-3397
In base 7, what is -21230 - 13?
-21243
In base 12, what is 10053 + 0?
10053
In base 15, what is -1 - b5e7e?
-b5e80
In base 3, what is 2011212201110 + 11?
2011212201121
In base 16, what is -f14d - -e?
-f13f
In base 8, what is 3 - 725770?
-725765
In base 8, what is -627 - 4243?
-5072
In base 11, what is 1 - 15a04?
-15a03
In base 5, what is 4 - -10231132?
10231141
In base 6, what is -2535225 - 1?
-2535230
In base 3, what is -2 + 10021200202212?
10021200202210
In base 12, what is 36b30b + -2?
36b309
In base 5, what is 40 + -213214?
-213124
In base 2, what is 10110 + 110001000011?
110001011001
In base 14, what is 3aa1 + -1b1?
38d0
In base 11, what is -385 + -131?
-506
In base 6, what is 245 + -322144?
-321455
In base 9, what is 84 + -8166?
-8072
In base 5, what is -32 - -1320121?
1320034
In base 8, what is 7371 + 2?
7373
In base 13, what is 3aa00 - -23?
3aa23
In base 10, what is -26923 - -9?
-26914
In base 11, what is -4a5 - 1905?
-22aa
In base 12, what is 0 + -baa4?
-baa4
In base 8, what is 4 + -334253?
-334247
In base 12, what is a89 - 62?
a27
In base 5, what is -10 - -100022012?
100022002
In base 14, what is 10 + -31bab?
-31b9b
In base 5, what is 3302202 + 13?
3302220
In base 15, what is 94a + -37?
913
In base 8, what is -5 - -546?
541
In base 12, what is 4 + 1247?
124b
In base 13, what is -10 - 8083?
-8093
In base 9, what is -4 + -2010?
-2014
In base 11, what is -8374 - -7?
-8368
In base 6, what is -3 - -515304?
515301
In base 16, what is 5199 - -d?
51a6
In base 15, what is -9 - 1dd8?
-1de2
In base 3, what is -20 - 22212102201?
-22212102221
In base 10, what is 2829791 - 5?
2829786
In base 12, what is -2a + -3ba?
-428
In base 13, what is 3c41 + -3b?
3c03
In base 7, what is 250 - -42?
322
In base 11, what is 147a72 - -2?
147a74
In base 8, what is -62720 - -5?
-62713
In base 4, what is 1301102 - 2?
1301100
In base 13, what is -3 - 1c791?
-1c794
In base 13, what is -11349 + 2?
-11347
In base 8, what is -1342 